{"id":1124,"date":"2025-04-11T22:38:07","date_gmt":"2025-04-12T01:38:07","guid":{"rendered":"https:\/\/fedablio.com.br\/loja\/?post_type=product&#038;p=1124"},"modified":"2026-02-25T10:18:35","modified_gmt":"2026-02-25T13:18:35","slug":"modulo-carregador-18650-usb-a-usb-micro-diy","status":"publish","type":"product","link":"https:\/\/fedablio.com.br\/loja\/produto\/modulo-carregador-18650-usb-a-usb-micro-diy\/","title":{"rendered":"M\u00f3dulo carregador 18650 USB-A USB-micro DIY"},"content":{"rendered":"<p><strong>Fa\u00e7a agora mesmo o seu pr\u00f3prio power bank com este m\u00f3dulo carregador (necess\u00e1rio baterias 18650 &#8211; N\u00c3O INCLUSA). Conecte o &#8220;+&#8221; (positivo) da bateria ao B+ da placa e o &#8220;-&#8221; (negativo) da bateria ao B- da placa; caso contr\u00e1rio haver\u00e1 queima.<\/strong><\/p>\n<p>Quando carregando: LED vermelho pisca<br \/>\nCom carga total: led verde aceso<br \/>\nDescarregado: led azul aceso<br \/>\nConector de entrada: Micro USB<br \/>\nTens\u00e3o de entrada: 5V (0,3V para mais ou para menos)<br \/>\nCorrente de carga: M\u00e1xima 1A<br \/>\nTens\u00e3o de sa\u00edda: 5V (0,3V para mais ou para menos)<br \/>\nEfici\u00eancia de descarga: cerca de 85%<br \/>\nAdequado para bateria 3,7V: 18650 \u00edon-l\u00edtio ou lipo<br \/>\nFio de silicone 22 AWG: 10 cm<\/p>\n<p><strong>Peso e tamanho (embalagem de entrega)<\/strong><\/p>\n<ul>\n<li>0,045 kg (45 gr)<\/li>\n<li>20 \u00d7 16 \u00d7 4 cm<\/li>\n<\/ul>\n","protected":false},"excerpt":{"rendered":"<p>Fa\u00e7a agora mesmo o seu pr\u00f3prio power bank com este m\u00f3dulo carregador (necess\u00e1rio baterias 18650 &#8211; N\u00c3O INCLUSA). Conecte o &#8220;+&#8221; (positivo) da bateria ao B+ da placa e o &#8220;-&#8221; (negativo) da bateria ao B- da placa; caso contr\u00e1rio haver\u00e1 queima. Quando carregando: LED vermelho pisca Com carga total: led verde aceso Descarregado: led [&hellip;]<\/p>\n","protected":false},"featured_media":1441,"comment_status":"open","ping_status":"closed","template":"","meta":{"site-sidebar-layout":"default","site-content-layout":"","ast-site-content-layout":"default","site-content-style":"default","site-sidebar-style":"default","ast-global-header-display":"","ast-banner-title-visibility":"","ast-main-header-display":"","ast-hfb-above-header-display":"","ast-hfb-below-header-display":"","ast-hfb-mobile-header-display":"","site-post-title":"","ast-breadcrumbs-content":"","ast-featured-img":"","footer-sml-layout":"","theme-transparent-header-meta":"default","adv-header-id-meta":"","stick-header-meta":"","header-above-stick-meta":"","header-main-stick-meta":"","header-below-stick-meta":"","astra-migrate-meta-layouts":"set","ast-page-background-enabled":"default","ast-page-background-meta":{"desktop":{"background-color":"var(--ast-global-color-4)","background-image":"","background-repeat":"repeat","background-position":"center center","background-size":"auto","background-attachment":"scroll","background-type":"","background-media":"","overlay-type":"","overlay-color":"","overlay-opacity":"","overlay-gradient":""},"tablet":{"background-color":"","background-image":"","background-repeat":"repeat","background-position":"center center","background-size":"auto","background-attachment":"scroll","background-type":"","background-media":"","overlay-type":"","overlay-color":"","overlay-opacity":"","overlay-gradient":""},"mobile":{"background-color":"","background-image":"","background-repeat":"repeat","background-position":"center center","background-size":"auto","background-attachment":"scroll","background-type":"","background-media":"","overlay-type":"","overlay-color":"","overlay-opacity":"","overlay-gradient":""}},"ast-content-background-meta":{"desktop":{"background-color":"var(--ast-global-color-5)","background-image":"","background-repeat":"repeat","background-position":"center center","background-size":"auto","background-attachment":"scroll","background-type":"","background-media":"","overlay-type":"","overlay-color":"","overlay-opacity":"","overlay-gradient":""},"tablet":{"background-color":"var(--ast-global-color-5)","background-image":"","background-repeat":"repeat","background-position":"center center","background-size":"auto","background-attachment":"scroll","background-type":"","background-media":"","overlay-type":"","overlay-color":"","overlay-opacity":"","overlay-gradient":""},"mobile":{"background-color":"var(--ast-global-color-5)","background-image":"","background-repeat":"repeat","background-position":"center center","background-size":"auto","background-attachment":"scroll","background-type":"","background-media":"","overlay-type":"","overlay-color":"","overlay-opacity":"","overlay-gradient":""}}},"product_brand":[],"product_cat":[112],"product_tag":[140],"class_list":{"0":"post-1124","1":"product","2":"type-product","3":"status-publish","4":"has-post-thumbnail","6":"product_cat-modulo","7":"product_tag-modulo-usb-18650","8":"desktop-align-center","9":"tablet-align-left","10":"mobile-align-left","12":"first","13":"outofstock","14":"taxable","15":"shipping-taxable","16":"product-type-simple"},"_links":{"self":[{"href":"https:\/\/fedablio.com.br\/loja\/wp-json\/wp\/v2\/product\/1124","targetHints":{"allow":["GET"]}}],"collection":[{"href":"https:\/\/fedablio.com.br\/loja\/wp-json\/wp\/v2\/product"}],"about":[{"href":"https:\/\/fedablio.com.br\/loja\/wp-json\/wp\/v2\/types\/product"}],"replies":[{"embeddable":true,"href":"https:\/\/fedablio.com.br\/loja\/wp-json\/wp\/v2\/comments?post=1124"}],"wp:featuredmedia":[{"embeddable":true,"href":"https:\/\/fedablio.com.br\/loja\/wp-json\/wp\/v2\/media\/1441"}],"wp:attachment":[{"href":"https:\/\/fedablio.com.br\/loja\/wp-json\/wp\/v2\/media?parent=1124"}],"wp:term":[{"taxonomy":"product_brand","embeddable":true,"href":"https:\/\/fedablio.com.br\/loja\/wp-json\/wp\/v2\/product_brand?post=1124"},{"taxonomy":"product_cat","embeddable":true,"href":"https:\/\/fedablio.com.br\/loja\/wp-json\/wp\/v2\/product_cat?post=1124"},{"taxonomy":"product_tag","embeddable":true,"href":"https:\/\/fedablio.com.br\/loja\/wp-json\/wp\/v2\/product_tag?post=1124"}],"curies":[{"name":"wp","href":"https:\/\/api.w.org\/{rel}","templated":true}]}}