{"id":1634,"date":"2025-08-03T12:18:58","date_gmt":"2025-08-03T15:18:58","guid":{"rendered":"https:\/\/fedablio.com.br\/loja\/?post_type=product&#038;p=1634"},"modified":"2025-08-29T12:53:57","modified_gmt":"2025-08-29T15:53:57","slug":"modulo-wireless-nrf24l01-para-arduino-ou-raspberry","status":"publish","type":"product","link":"https:\/\/fedablio.com.br\/loja\/produto\/modulo-wireless-nrf24l01-para-arduino-ou-raspberry\/","title":{"rendered":"M\u00f3dulo wireless NRF24L01 para Arduino ou Raspberry"},"content":{"rendered":"<p><strong>O chip NRF24L01 \u00e9 um transmissor de banda ISM que pode ser acopado ao seu Raspberry, Arduino etc para transmitir dados por rede sem fio.<\/strong><\/p>\n<p>Faixa: ISM (Industrial, Sientific and Medical)<br \/>\nTaxa m\u00e1xima de transmiss\u00e3o: 2 Mbps<br \/>\nCorrente el\u00e9trica quando transmitindo dados: 11,3 mA<br \/>\nCorrente el\u00e9trica quando recebendo dados: 11,8 mA a 12,3 mA<br \/>\nTens\u00e3o de funcionamento: 1,9 a 3,6V<br \/>\nFrequ\u00eancia de opera\u00e7\u00e3o: de 2,4 a 2.525 GHz<br \/>\nConsumo m\u00e9dio: 12,3 mA<br \/>\nTemperatura de trabalho: -40 a +85 \u00b0C<br \/>\nSensibilidade: -82 dBm a -85 dBm<\/p>\n<p><strong>Peso e tamanho (embalagem de entrega)<\/strong><\/p>\n<ul>\n<li>0,025 kg (25 gr)<\/li>\n<li>16 \u00d7 10 \u00d7 3 cm<\/li>\n<\/ul>\n","protected":false},"excerpt":{"rendered":"<p>O chip NRF24L01 \u00e9 um transmissor de banda ISM que pode ser acopado ao seu Raspberry, Arduino etc para transmitir dados por rede sem fio. Faixa: ISM (Industrial, Sientific and Medical) Taxa m\u00e1xima de transmiss\u00e3o: 2 Mbps Corrente el\u00e9trica quando transmitindo dados: 11,3 mA Corrente el\u00e9trica quando recebendo dados: 11,8 mA a 12,3 mA Tens\u00e3o [&hellip;]<\/p>\n","protected":false},"featured_media":1635,"comment_status":"open","ping_status":"closed","template":"","meta":{"site-sidebar-layout":"default","site-content-layout":"","ast-site-content-layout":"default","site-content-style":"default","site-sidebar-style":"default","ast-global-header-display":"","ast-banner-title-visibility":"","ast-main-header-display":"","ast-hfb-above-header-display":"","ast-hfb-below-header-display":"","ast-hfb-mobile-header-display":"","site-post-title":"","ast-breadcrumbs-content":"","ast-featured-img":"","footer-sml-layout":"","theme-transparent-header-meta":"default","adv-header-id-meta":"","stick-header-meta":"","header-above-stick-meta":"","header-main-stick-meta":"","header-below-stick-meta":"","astra-migrate-meta-layouts":"set","ast-page-background-enabled":"default","ast-page-background-meta":{"desktop":{"background-color":"var(--ast-global-color-4)","background-image":"","background-repeat":"repeat","background-position":"center center","background-size":"auto","background-attachment":"scroll","background-type":"","background-media":"","overlay-type":"","overlay-color":"","overlay-opacity":"","overlay-gradient":""},"tablet":{"background-color":"","background-image":"","background-repeat":"repeat","background-position":"center center","background-size":"auto","background-attachment":"scroll","background-type":"","background-media":"","overlay-type":"","overlay-color":"","overlay-opacity":"","overlay-gradient":""},"mobile":{"background-color":"","background-image":"","background-repeat":"repeat","background-position":"center center","background-size":"auto","background-attachment":"scroll","background-type":"","background-media":"","overlay-type":"","overlay-color":"","overlay-opacity":"","overlay-gradient":""}},"ast-content-background-meta":{"desktop":{"background-color":"var(--ast-global-color-5)","background-image":"","background-repeat":"repeat","background-position":"center center","background-size":"auto","background-attachment":"scroll","background-type":"","background-media":"","overlay-type":"","overlay-color":"","overlay-opacity":"","overlay-gradient":""},"tablet":{"background-color":"var(--ast-global-color-5)","background-image":"","background-repeat":"repeat","background-position":"center center","background-size":"auto","background-attachment":"scroll","background-type":"","background-media":"","overlay-type":"","overlay-color":"","overlay-opacity":"","overlay-gradient":""},"mobile":{"background-color":"var(--ast-global-color-5)","background-image":"","background-repeat":"repeat","background-position":"center center","background-size":"auto","background-attachment":"scroll","background-type":"","background-media":"","overlay-type":"","overlay-color":"","overlay-opacity":"","overlay-gradient":""}}},"product_brand":[],"product_cat":[112],"product_tag":[177,178,179],"class_list":{"0":"post-1634","1":"product","2":"type-product","3":"status-publish","4":"has-post-thumbnail","6":"product_cat-modulo","7":"product_tag-modulo-wifi-nrf24l01","8":"product_tag-modulo-wireless-nrf24l01","9":"product_tag-nrf24l01","10":"desktop-align-center","11":"tablet-align-left","12":"mobile-align-left","14":"first","15":"instock","16":"taxable","17":"shipping-taxable","18":"product-type-simple"},"_links":{"self":[{"href":"https:\/\/fedablio.com.br\/loja\/wp-json\/wp\/v2\/product\/1634","targetHints":{"allow":["GET"]}}],"collection":[{"href":"https:\/\/fedablio.com.br\/loja\/wp-json\/wp\/v2\/product"}],"about":[{"href":"https:\/\/fedablio.com.br\/loja\/wp-json\/wp\/v2\/types\/product"}],"replies":[{"embeddable":true,"href":"https:\/\/fedablio.com.br\/loja\/wp-json\/wp\/v2\/comments?post=1634"}],"wp:featuredmedia":[{"embeddable":true,"href":"https:\/\/fedablio.com.br\/loja\/wp-json\/wp\/v2\/media\/1635"}],"wp:attachment":[{"href":"https:\/\/fedablio.com.br\/loja\/wp-json\/wp\/v2\/media?parent=1634"}],"wp:term":[{"taxonomy":"product_brand","embeddable":true,"href":"https:\/\/fedablio.com.br\/loja\/wp-json\/wp\/v2\/product_brand?post=1634"},{"taxonomy":"product_cat","embeddable":true,"href":"https:\/\/fedablio.com.br\/loja\/wp-json\/wp\/v2\/product_cat?post=1634"},{"taxonomy":"product_tag","embeddable":true,"href":"https:\/\/fedablio.com.br\/loja\/wp-json\/wp\/v2\/product_tag?post=1634"}],"curies":[{"name":"wp","href":"https:\/\/api.w.org\/{rel}","templated":true}]}}