{"id":1884,"date":"2026-02-17T17:21:51","date_gmt":"2026-02-17T20:21:51","guid":{"rendered":"https:\/\/fedablio.com.br\/loja\/?post_type=product&#038;p=1884"},"modified":"2026-02-27T10:36:06","modified_gmt":"2026-02-27T13:36:06","slug":"kit-4-botoes-para-ensinar-animal-a-interagir","status":"publish","type":"product","link":"https:\/\/fedablio.com.br\/loja\/produto\/kit-4-botoes-para-ensinar-animal-a-interagir\/","title":{"rendered":"Kit 4 bot\u00f5es para ensinar animal a interagir"},"content":{"rendered":"<p><strong>Kit com 4 bot\u00f5es falantes coloridos, perfeitos para c\u00e3es e gatos! Ideal para estimular a criatividade e a intera\u00e7\u00e3o, os bot\u00f5es podem ser usados para brincar, aprender e se divertir. Com sons divertidos e cores vibrantes, os bot\u00f5es garantem momentos de aprendizado.<\/strong><\/p>\n<p>Pilhas n\u00e3o inclusas<br \/>\nVoc\u00ea grava uma mensagem no item e ensina seu animal a pisar nele<\/p>\n<p>Como gravar: pressione o bot\u00e3o REC (deve ouvir 1 bipe) e diga sua frase. Enquanto fala, o bot\u00e3o REC deve ser mantido pressionado. Ap\u00f3s encerrar, solte o bot\u00e3o REC (deve ser ouvido 2 bipes)<\/p>\n<p><img decoding=\"async\" src=\"https:\/\/fedablio.com.br\/loja\/wp-content\/uploads\/2026\/02\/fla-ani-05.png\" \/><\/p>\n<p><img decoding=\"async\" src=\"https:\/\/fedablio.com.br\/loja\/wp-content\/uploads\/2026\/02\/fla-ani-06.png\" \/><\/p>\n<p><img decoding=\"async\" src=\"https:\/\/fedablio.com.br\/loja\/wp-content\/uploads\/2026\/02\/fla-ani-07.png\" \/><\/p>\n<p><img decoding=\"async\" src=\"https:\/\/fedablio.com.br\/loja\/wp-content\/uploads\/2026\/02\/fla-ani-08.png\" \/><\/p>\n<p><img decoding=\"async\" src=\"https:\/\/fedablio.com.br\/loja\/wp-content\/uploads\/2026\/02\/fla-ani-09.png\" \/><\/p>\n<p><strong>Peso e tamanho (embalagem de entrega)<\/strong><\/p>\n<ul>\n<li>0,450 kg (450 gr)<\/li>\n<li>27 \u00d7 18 \u00d7 8 cm<\/li>\n<\/ul>\n","protected":false},"excerpt":{"rendered":"<p>Kit com 4 bot\u00f5es falantes coloridos, perfeitos para c\u00e3es e gatos! Ideal para estimular a criatividade e a intera\u00e7\u00e3o, os bot\u00f5es podem ser usados para brincar, aprender e se divertir. Com sons divertidos e cores vibrantes, os bot\u00f5es garantem momentos de aprendizado. Pilhas n\u00e3o inclusas Voc\u00ea grava uma mensagem no item e ensina seu animal [&hellip;]<\/p>\n","protected":false},"featured_media":1885,"comment_status":"open","ping_status":"closed","template":"","meta":{"site-sidebar-layout":"default","site-content-layout":"","ast-site-content-layout":"default","site-content-style":"default","site-sidebar-style":"default","ast-global-header-display":"","ast-banner-title-visibility":"","ast-main-header-display":"","ast-hfb-above-header-display":"","ast-hfb-below-header-display":"","ast-hfb-mobile-header-display":"","site-post-title":"","ast-breadcrumbs-content":"","ast-featured-img":"","footer-sml-layout":"","theme-transparent-header-meta":"default","adv-header-id-meta":"","stick-header-meta":"","header-above-stick-meta":"","header-main-stick-meta":"","header-below-stick-meta":"","astra-migrate-meta-layouts":"set","ast-page-background-enabled":"default","ast-page-background-meta":{"desktop":{"background-color":"var(--ast-global-color-4)","background-image":"","background-repeat":"repeat","background-position":"center center","background-size":"auto","background-attachment":"scroll","background-type":"","background-media":"","overlay-type":"","overlay-color":"","overlay-opacity":"","overlay-gradient":""},"tablet":{"background-color":"","background-image":"","background-repeat":"repeat","background-position":"center center","background-size":"auto","background-attachment":"scroll","background-type":"","background-media":"","overlay-type":"","overlay-color":"","overlay-opacity":"","overlay-gradient":""},"mobile":{"background-color":"","background-image":"","background-repeat":"repeat","background-position":"center center","background-size":"auto","background-attachment":"scroll","background-type":"","background-media":"","overlay-type":"","overlay-color":"","overlay-opacity":"","overlay-gradient":""}},"ast-content-background-meta":{"desktop":{"background-color":"var(--ast-global-color-5)","background-image":"","background-repeat":"repeat","background-position":"center center","background-size":"auto","background-attachment":"scroll","background-type":"","background-media":"","overlay-type":"","overlay-color":"","overlay-opacity":"","overlay-gradient":""},"tablet":{"background-color":"var(--ast-global-color-5)","background-image":"","background-repeat":"repeat","background-position":"center center","background-size":"auto","background-attachment":"scroll","background-type":"","background-media":"","overlay-type":"","overlay-color":"","overlay-opacity":"","overlay-gradient":""},"mobile":{"background-color":"var(--ast-global-color-5)","background-image":"","background-repeat":"repeat","background-position":"center center","background-size":"auto","background-attachment":"scroll","background-type":"","background-media":"","overlay-type":"","overlay-color":"","overlay-opacity":"","overlay-gradient":""}}},"product_brand":[],"product_cat":[151],"product_tag":[226],"class_list":{"0":"post-1884","1":"product","2":"type-product","3":"status-publish","4":"has-post-thumbnail","6":"product_cat-kit","7":"product_tag-botao-aprendizagem","8":"desktop-align-center","9":"tablet-align-left","10":"mobile-align-left","12":"first","13":"instock","14":"taxable","15":"shipping-taxable","16":"product-type-simple"},"_links":{"self":[{"href":"https:\/\/fedablio.com.br\/loja\/wp-json\/wp\/v2\/product\/1884","targetHints":{"allow":["GET"]}}],"collection":[{"href":"https:\/\/fedablio.com.br\/loja\/wp-json\/wp\/v2\/product"}],"about":[{"href":"https:\/\/fedablio.com.br\/loja\/wp-json\/wp\/v2\/types\/product"}],"replies":[{"embeddable":true,"href":"https:\/\/fedablio.com.br\/loja\/wp-json\/wp\/v2\/comments?post=1884"}],"wp:featuredmedia":[{"embeddable":true,"href":"https:\/\/fedablio.com.br\/loja\/wp-json\/wp\/v2\/media\/1885"}],"wp:attachment":[{"href":"https:\/\/fedablio.com.br\/loja\/wp-json\/wp\/v2\/media?parent=1884"}],"wp:term":[{"taxonomy":"product_brand","embeddable":true,"href":"https:\/\/fedablio.com.br\/loja\/wp-json\/wp\/v2\/product_brand?post=1884"},{"taxonomy":"product_cat","embeddable":true,"href":"https:\/\/fedablio.com.br\/loja\/wp-json\/wp\/v2\/product_cat?post=1884"},{"taxonomy":"product_tag","embeddable":true,"href":"https:\/\/fedablio.com.br\/loja\/wp-json\/wp\/v2\/product_tag?post=1884"}],"curies":[{"name":"wp","href":"https:\/\/api.w.org\/{rel}","templated":true}]}}