{"id":1941,"date":"2026-02-24T17:17:43","date_gmt":"2026-02-24T20:17:43","guid":{"rendered":"https:\/\/fedablio.com.br\/loja\/?post_type=product&#038;p=1941"},"modified":"2026-02-27T10:35:05","modified_gmt":"2026-02-27T13:35:05","slug":"kit-2-barras-de-pinos-femea-1-x-12-x-254","status":"publish","type":"product","link":"https:\/\/fedablio.com.br\/loja\/produto\/kit-2-barras-de-pinos-femea-1-x-12-x-254\/","title":{"rendered":"Kit 2 barras de pinos f\u00eamea 1 x 12 x 2,54"},"content":{"rendered":"<p>Constru\u00eddo em pl\u00e1stico e metal de alta qualidade para garantir estabilidade e durabilidade. Pinos s\u00e3o feitos de material resistente \u00e0 corros\u00e3o para aumentar a condutividade e durabilidade. Compat\u00edvel com Arduino e outras placas compat\u00edveis do desenvolvimento, apropriadas para a prototipagem r\u00e1pida e o teste do laborat\u00f3rio. Amplamente utilizado em projetos eletr\u00f4nicos, experimentos, educa\u00e7\u00e3o, projetos de DIY e prototipagem r\u00e1pida. Adequado para transmiss\u00e3o do sinal e conex\u00f5es el\u00e9tricas.<\/p>\n<p>Kit: 2 barras de pinos f\u00eamea 1x12P 2,54 mm<\/p>\n<p><strong>Peso e tamanho (embalagem de entrega)<\/strong><\/p>\n<ul>\n<li>0,030 kg (30 gr)<\/li>\n<li>03 x 10 x 16<\/li>\n<\/ul>\n<p><img decoding=\"async\" src=\"https:\/\/fedablio.com.br\/loja\/wp-content\/uploads\/2026\/02\/pino01x12-254-06.png\" \/><\/p>\n","protected":false},"excerpt":{"rendered":"<p>Constru\u00eddo em pl\u00e1stico e metal de alta qualidade para garantir estabilidade e durabilidade. Pinos s\u00e3o feitos de material resistente \u00e0 corros\u00e3o para aumentar a condutividade e durabilidade. Compat\u00edvel com Arduino e outras placas compat\u00edveis do desenvolvimento, apropriadas para a prototipagem r\u00e1pida e o teste do laborat\u00f3rio. Amplamente utilizado em projetos eletr\u00f4nicos, experimentos, educa\u00e7\u00e3o, projetos de [&hellip;]<\/p>\n","protected":false},"featured_media":1935,"comment_status":"open","ping_status":"closed","template":"","meta":{"site-sidebar-layout":"default","site-content-layout":"","ast-site-content-layout":"default","site-content-style":"default","site-sidebar-style":"default","ast-global-header-display":"","ast-banner-title-visibility":"","ast-main-header-display":"","ast-hfb-above-header-display":"","ast-hfb-below-header-display":"","ast-hfb-mobile-header-display":"","site-post-title":"","ast-breadcrumbs-content":"","ast-featured-img":"","footer-sml-layout":"","theme-transparent-header-meta":"default","adv-header-id-meta":"","stick-header-meta":"","header-above-stick-meta":"","header-main-stick-meta":"","header-below-stick-meta":"","astra-migrate-meta-layouts":"set","ast-page-background-enabled":"default","ast-page-background-meta":{"desktop":{"background-color":"var(--ast-global-color-4)","background-image":"","background-repeat":"repeat","background-position":"center center","background-size":"auto","background-attachment":"scroll","background-type":"","background-media":"","overlay-type":"","overlay-color":"","overlay-opacity":"","overlay-gradient":""},"tablet":{"background-color":"","background-image":"","background-repeat":"repeat","background-position":"center center","background-size":"auto","background-attachment":"scroll","background-type":"","background-media":"","overlay-type":"","overlay-color":"","overlay-opacity":"","overlay-gradient":""},"mobile":{"background-color":"","background-image":"","background-repeat":"repeat","background-position":"center center","background-size":"auto","background-attachment":"scroll","background-type":"","background-media":"","overlay-type":"","overlay-color":"","overlay-opacity":"","overlay-gradient":""}},"ast-content-background-meta":{"desktop":{"background-color":"var(--ast-global-color-5)","background-image":"","background-repeat":"repeat","background-position":"center center","background-size":"auto","background-attachment":"scroll","background-type":"","background-media":"","overlay-type":"","overlay-color":"","overlay-opacity":"","overlay-gradient":""},"tablet":{"background-color":"var(--ast-global-color-5)","background-image":"","background-repeat":"repeat","background-position":"center center","background-size":"auto","background-attachment":"scroll","background-type":"","background-media":"","overlay-type":"","overlay-color":"","overlay-opacity":"","overlay-gradient":""},"mobile":{"background-color":"var(--ast-global-color-5)","background-image":"","background-repeat":"repeat","background-position":"center center","background-size":"auto","background-attachment":"scroll","background-type":"","background-media":"","overlay-type":"","overlay-color":"","overlay-opacity":"","overlay-gradient":""}}},"product_brand":[],"product_cat":[42],"product_tag":[220],"class_list":{"0":"post-1941","1":"product","2":"type-product","3":"status-publish","4":"has-post-thumbnail","6":"product_cat-conector","7":"product_tag-barra-de-pinos","8":"desktop-align-center","9":"tablet-align-left","10":"mobile-align-left","12":"first","13":"instock","14":"taxable","15":"shipping-taxable","16":"product-type-simple"},"_links":{"self":[{"href":"https:\/\/fedablio.com.br\/loja\/wp-json\/wp\/v2\/product\/1941","targetHints":{"allow":["GET"]}}],"collection":[{"href":"https:\/\/fedablio.com.br\/loja\/wp-json\/wp\/v2\/product"}],"about":[{"href":"https:\/\/fedablio.com.br\/loja\/wp-json\/wp\/v2\/types\/product"}],"replies":[{"embeddable":true,"href":"https:\/\/fedablio.com.br\/loja\/wp-json\/wp\/v2\/comments?post=1941"}],"wp:featuredmedia":[{"embeddable":true,"href":"https:\/\/fedablio.com.br\/loja\/wp-json\/wp\/v2\/media\/1935"}],"wp:attachment":[{"href":"https:\/\/fedablio.com.br\/loja\/wp-json\/wp\/v2\/media?parent=1941"}],"wp:term":[{"taxonomy":"product_brand","embeddable":true,"href":"https:\/\/fedablio.com.br\/loja\/wp-json\/wp\/v2\/product_brand?post=1941"},{"taxonomy":"product_cat","embeddable":true,"href":"https:\/\/fedablio.com.br\/loja\/wp-json\/wp\/v2\/product_cat?post=1941"},{"taxonomy":"product_tag","embeddable":true,"href":"https:\/\/fedablio.com.br\/loja\/wp-json\/wp\/v2\/product_tag?post=1941"}],"curies":[{"name":"wp","href":"https:\/\/api.w.org\/{rel}","templated":true}]}}