{"id":472,"date":"2025-03-17T21:33:22","date_gmt":"2025-03-18T00:33:22","guid":{"rendered":"https:\/\/fedablio.com.br\/loja\/?post_type=product&#038;p=472"},"modified":"2026-02-18T11:30:16","modified_gmt":"2026-02-18T14:30:16","slug":"barreira-sonica-fedablio-tman-1000","status":"publish","type":"product","link":"https:\/\/fedablio.com.br\/loja\/produto\/barreira-sonica-fedablio-tman-1000\/","title":{"rendered":"Barreira S\u00f4nica Fedablio TMAN-1000"},"content":{"rendered":"<p><strong>Ficou curioso(a) e quer saber como funciona essa barreira?<\/strong><\/p>\n<p>Pode ser fixado no batente de uma porta de algum c\u00f4modo da casa, a uma altura de aproximadamente 15 cm e quando o seu animal de estima\u00e7\u00e3o (cachorro, gato, porco, marreco etc) passar, o mesmo apitar\u00e1. O intuito da cria\u00e7\u00e3o foi devido a um problema que o criador do produto tinha em casa. O gato\/felino levava um pis\u00e3o, pois o mesmo sempre chegava de forma silenciosa. Depois que a Barreira S\u00f4nica TMAN-1000 foi instalada, o problema nunca mais ocorreu. Voc\u00ea pode fixar na parte de cima da porta de um com\u00e9rcio para avisar, por bipes, que um cliente entrou.<\/p>\n<p><strong>Itens necess\u00e1rios, por\u00e9m n\u00e3o inclusos:<\/strong><\/p>\n<ul>\n<li>1 cabo micro USB<\/li>\n<li>1 fonte 5V x 100 mA<\/li>\n<li>1 chave fenda 4 mm<\/li>\n<\/ul>\n<p><strong>Peso e tamanho (embalagem de entrega)<\/strong><\/p>\n<ul>\n<li>0,105 kg (105 gr)<\/li>\n<li>20 \u00d7 16 \u00d7 4 cm<\/li>\n<\/ul>\n<p><strong>Para mais detalhes, baixe o manual:<\/strong><\/p>\n<p><a href=\"https:\/\/fedablio.com.br\/baixar\/sonic-barrier.pdf\" target=\"_blank\" rel=\"noopener\">Manual de instru\u00e7\u00f5es TMAN-1000<\/a><\/p>\n<div style=\"width: 640px;\" class=\"wp-video\"><video class=\"wp-video-shortcode\" id=\"video-472-1\" width=\"640\" height=\"360\" preload=\"metadata\" controls=\"controls\"><source type=\"video\/mp4\" src=\"https:\/\/fedablio.com.br\/loja\/wp-content\/uploads\/2025\/07\/sonic-barrier-09.mp4?_=1\" \/><a href=\"https:\/\/fedablio.com.br\/loja\/wp-content\/uploads\/2025\/07\/sonic-barrier-09.mp4\">https:\/\/fedablio.com.br\/loja\/wp-content\/uploads\/2025\/07\/sonic-barrier-09.mp4<\/a><\/video><\/div>\n","protected":false},"excerpt":{"rendered":"<p>Ficou curioso(a) e quer saber como funciona essa barreira? Pode ser fixado no batente de uma porta de algum c\u00f4modo da casa, a uma altura de aproximadamente 15 cm e quando o seu animal de estima\u00e7\u00e3o (cachorro, gato, porco, marreco etc) passar, o mesmo apitar\u00e1. O intuito da cria\u00e7\u00e3o foi devido a um problema que [&hellip;]<\/p>\n","protected":false},"featured_media":1596,"comment_status":"open","ping_status":"closed","template":"","meta":{"site-sidebar-layout":"default","site-content-layout":"","ast-site-content-layout":"default","site-content-style":"default","site-sidebar-style":"default","ast-global-header-display":"","ast-banner-title-visibility":"","ast-main-header-display":"","ast-hfb-above-header-display":"","ast-hfb-below-header-display":"","ast-hfb-mobile-header-display":"","site-post-title":"","ast-breadcrumbs-content":"","ast-featured-img":"","footer-sml-layout":"","theme-transparent-header-meta":"default","adv-header-id-meta":"","stick-header-meta":"","header-above-stick-meta":"","header-main-stick-meta":"","header-below-stick-meta":"","astra-migrate-meta-layouts":"set","ast-page-background-enabled":"default","ast-page-background-meta":{"desktop":{"background-color":"var(--ast-global-color-4)","background-image":"","background-repeat":"repeat","background-position":"center center","background-size":"auto","background-attachment":"scroll","background-type":"","background-media":"","overlay-type":"","overlay-color":"","overlay-opacity":"","overlay-gradient":""},"tablet":{"background-color":"","background-image":"","background-repeat":"repeat","background-position":"center center","background-size":"auto","background-attachment":"scroll","background-type":"","background-media":"","overlay-type":"","overlay-color":"","overlay-opacity":"","overlay-gradient":""},"mobile":{"background-color":"","background-image":"","background-repeat":"repeat","background-position":"center center","background-size":"auto","background-attachment":"scroll","background-type":"","background-media":"","overlay-type":"","overlay-color":"","overlay-opacity":"","overlay-gradient":""}},"ast-content-background-meta":{"desktop":{"background-color":"var(--ast-global-color-5)","background-image":"","background-repeat":"repeat","background-position":"center center","background-size":"auto","background-attachment":"scroll","background-type":"","background-media":"","overlay-type":"","overlay-color":"","overlay-opacity":"","overlay-gradient":""},"tablet":{"background-color":"var(--ast-global-color-5)","background-image":"","background-repeat":"repeat","background-position":"center center","background-size":"auto","background-attachment":"scroll","background-type":"","background-media":"","overlay-type":"","overlay-color":"","overlay-opacity":"","overlay-gradient":""},"mobile":{"background-color":"var(--ast-global-color-5)","background-image":"","background-repeat":"repeat","background-position":"center center","background-size":"auto","background-attachment":"scroll","background-type":"","background-media":"","overlay-type":"","overlay-color":"","overlay-opacity":"","overlay-gradient":""}}},"product_brand":[40],"product_cat":[117],"product_tag":[64,65],"class_list":{"0":"post-472","1":"product","2":"type-product","3":"status-publish","4":"has-post-thumbnail","6":"product_brand-fedablio","7":"product_cat-alarme","8":"product_tag-barreira-sonica","9":"product_tag-detector-de-pessoas","10":"desktop-align-center","11":"tablet-align-left","12":"mobile-align-left","14":"first","15":"instock","16":"taxable","17":"shipping-taxable","18":"product-type-simple"},"_links":{"self":[{"href":"https:\/\/fedablio.com.br\/loja\/wp-json\/wp\/v2\/product\/472","targetHints":{"allow":["GET"]}}],"collection":[{"href":"https:\/\/fedablio.com.br\/loja\/wp-json\/wp\/v2\/product"}],"about":[{"href":"https:\/\/fedablio.com.br\/loja\/wp-json\/wp\/v2\/types\/product"}],"replies":[{"embeddable":true,"href":"https:\/\/fedablio.com.br\/loja\/wp-json\/wp\/v2\/comments?post=472"}],"wp:featuredmedia":[{"embeddable":true,"href":"https:\/\/fedablio.com.br\/loja\/wp-json\/wp\/v2\/media\/1596"}],"wp:attachment":[{"href":"https:\/\/fedablio.com.br\/loja\/wp-json\/wp\/v2\/media?parent=472"}],"wp:term":[{"taxonomy":"product_brand","embeddable":true,"href":"https:\/\/fedablio.com.br\/loja\/wp-json\/wp\/v2\/product_brand?post=472"},{"taxonomy":"product_cat","embeddable":true,"href":"https:\/\/fedablio.com.br\/loja\/wp-json\/wp\/v2\/product_cat?post=472"},{"taxonomy":"product_tag","embeddable":true,"href":"https:\/\/fedablio.com.br\/loja\/wp-json\/wp\/v2\/product_tag?post=472"}],"curies":[{"name":"wp","href":"https:\/\/api.w.org\/{rel}","templated":true}]}}